nd 656?
16
Calculate the greatest common divisor of 6 and 858.
6
Calculate the highest common divisor of 864 and 96.
96
Calculate the greatest common divisor of 1326 and 234.
78
What is the greatest common factor of 30 and 198?
6
What is the highest common factor of 121 and 3872?
121
What is the greatest common factor of 31895 and 5?
5
Calculate the greatest common factor of 32 and 3296.
32
What is the greatest common divisor of 100 and 4?
4
Calculate the greatest common divisor of 615 and 15.
15
What is the greatest common divisor of 46 and 4393?
23
Calculate the greatest common factor of 35 and 91.
7
What is the highest common factor of 465 and 15?
15
What is the highest common divisor of 16 and 16?
16
Calculate the greatest common factor of 68 and 2.
2
What is the highest common divisor of 2505 and 90?
15
What is the highest common divisor of 48 and 84?
12
Calculate the highest common factor of 6296 and 8.
8
What is the greatest common divisor of 154 and 868?
14
Calculate the highest common divisor of 3278 and 198.
22
What is the highest common divisor of 72 and 108?
36
What is the highest common divisor of 21 and 1421?
7
Calculate the highest common divisor of 48 and 104.
8
Calculate the highest common divisor of 39 and 78.
39
Calculate the highest common factor of 144 and 5388.
12
What is the highest common divisor of 63 and 945?
63
What is the highest common divisor of 69 and 6256?
23
What is the highest common factor of 3092 and 4?
4
What is the highest common factor of 495 and 198?
99
Calculate the greatest common divisor of 1470 and 21.
21
Calculate the greatest common factor of 178 and 2.
2
Calculate the highest common divisor of 56 and 49.
7
What is the greatest common factor of 1 and 23?
1
Calculate the highest common divisor of 17 and 1003.
17
Calculate the highest common divisor of 3205 and 10.
5
Calculate the highest common divisor of 20 and 280.
20
What is the highest common divisor of 42 and 357?
21
What is the greatest common divisor of 580 and 1508?
116
What is the greatest common divisor of 17664 and 69?
69
What is the highest common divisor of 341 and 44?
11
Calculate the greatest common factor of 55935 and 90.
45
What is the greatest common divisor of 24 and 6?
6
Calculate the highest common factor of 1003 and 17.
17
Calculate the greatest common factor of 30 and 66.
6
What is the greatest common divisor of 84 and 756?
84
What is the highest common factor of 14640 and 30?
30
What is the highest common divisor of 220 and 396?
44
Calculate the greatest common factor of 16 and 688.
16
What is the highest common divisor of 230 and 980?
10
Calculate the greatest common factor of 77 and 4686.
11
Calculate the highest common divisor of 464 and 17284.
116
Calculate the greatest common divisor of 35 and 1085.
35
What is the highest common factor of 323 and 136?
17
What is the highest common divisor of 6150 and 330?
30
Calculate the greatest common divisor of 60 and 700.
20
Calculate the highest common factor of 377 and 2496.
13
What is the highest common factor of 7 and 151?
1
Calculate the greatest common factor of 34 and 221.
17
What is the greatest common factor of 3059 and 230?
23
Calculate the greatest common factor of 86 and 2.
2
What is the greatest common divisor of 484 and 264?
44
Calculate the highest common divisor of 24 and 76.
4
What is the greatest common factor of 348 and 156?
12
What is the greatest common divisor of 156 and 6786?
78
What is the highest common factor of 9 and 15669?
9
Calculate the greatest common divisor of 175 and 560.
35
Calculate the highest common factor of 299 and 65.
13
Calculate the greatest common factor of 170 and 4590.
170
Calculate the greatest common factor of 372 and 84.
12
What is the highest common factor of 986 and 170?
34
What is the highest common divisor of 8288 and 784?
112
Calculate the greatest common factor of 430 and 3268.
86
What is the greatest common divisor of 16 and 392?
8
What is the highest common divisor of 275 and 100?
25
What is the greatest common divisor of 40 and 40?
40
What is the highest common factor of 51 and 2703?
51
What is the highest common factor of 1640 and 40?
40
What is the highest common divisor of 51 and 57?
3
What is the highest common divisor of 125 and 1?
1
Calculate the greatest common divisor of 231 and 66.
33
Calculate the greatest common divisor of 75 and 100.
25
Calculate the highest common divisor of 1315 and 85.
5
What is the highest common divisor of 46 and 529?
23
Calculate the highest common divisor of 1 and 907.
1
What is the greatest common divisor of 3377 and 44?
11
What is the highest common factor of 19 and 142063?
19
Calculate the highest common divisor of 35 and 28945.
35
Calculate the greatest common divisor of 424 and 11660.
212
Calculate the greatest common factor of 242 and 30.
2
Calculate the highest common divisor of 31 and 20.
1
What is the greatest common factor of 1339 and 26?
13
What is the greatest common factor of 25 and 100?
25
Calculate the greatest common factor of 6929 and 13.
13
Calculate the greatest common divisor of 18038 and 232.
58
What is the greatest common divisor of 46 and 378?
2
What is the highest common factor of 321 and 1498?
107
What is the highest common factor of 105 and 70?
35
What is the greatest common divisor of 176 and 682?
22
Calculate the highest common divisor of 14 and 10878.
14
What is the highest common factor of 279 and 9?
9
Calculate the highest common factor of 21 and 5019.
21
Calculate the greatest common factor of 560 and 595.
35
Calculate the highest common factor of 78 and 104.
26
Calculate the greatest common factor of 126 and 315.
63
What is the greatest common factor of 253 and 22?
11
What is the greatest common factor of 240 and 30?
30
What is the highest common divisor of 1380 and 144?
12
What is the greatest common divisor of 12 and 16?
4
Calculate the highest common factor of 676 and 156.
52
What is the greatest common factor of 621 and 54?
27
Calculate the greatest common factor of 33 and 1434.
3
What is the greatest common factor of 42 and 66?
6
Calculate the greatest common factor of 2613 and 117.
39
What is the greatest common divisor of 170 and 175?
5
Calculate the highest common divisor of 3237 and 585.
39
Calculate the highest common divisor of 41 and 6437.
41
What is the highest common divisor of 490 and 35?
35
What is the highest common factor of 103 and 8?
1
Calculate the highest common factor of 3335 and 115.
115
What is the greatest common divisor of 493 and 1513?
17
Calculate the greatest common divisor of 3081 and 390.
39
Calculate the greatest common divisor of 25 and 1825.
25
Calculate the greatest common divisor of 63 and 45.
9
What is the greatest common factor of 26 and 39?
13
What is the highest common factor of 4 and 2056?
4
Calculate the highest common divisor of 78 and 39.
39
What is the greatest common factor of 178 and 801?
89
What is the highest common divisor of 17 and 1445?
17
What is the highest common factor of 90 and 4842?
18
What is the greatest common factor of 2944 and 512?
128
Calculate the greatest common divisor of 484 and 33.
11
Calculate the greatest common factor of 540 and 50.
10
What is the greatest common divisor of 306 and 10047?
51
What is the highest common factor of 948 and 4977?
237
What is the highest common factor of 106 and 18?
2
What is the greatest common divisor of 49 and 196?
49
Calculate the greatest common factor of 220 and 770.
110
What is the greatest common divisor of 144 and 648?
72
Calculate the highest common factor of 41 and 2993.
41
Calculate the greatest common factor of 24806 and 316.
158
What is the greatest common factor of 611 and 47?
47
What is the greatest common factor of 19 and 418?
19
Calculate the highest common factor of 8 and 92.
4
Calculate the highest common factor of 80 and 3456.
16
What is the highest common divisor of 344 and 56072?
344
What is the greatest common factor of 2444 and 52?
52
Calculate the greatest common factor of 48 and 552.
24
Calculate the greatest common divisor of 6 and 6024.
6
Calculate the highest common divisor of 10 and 275.
5
Calculate the highest common divisor of 256 and 16.
16
What is the greatest common factor of 26 and 884?
26
What is the highest common d